 of x?
0
Suppose 1179675 = -248*b + 353*b. What is the tens digit of b?
3
Suppose -6*a = 1957 + 2213. Let y = a - -1181. What is the units digit of y?
6
Let o(l) = -15*l**3 - 23*l**2 - 18*l - 70. What is the ten thousands digit of o(-13)?
2
Let q(v) = -3695*v + 10230. What is the ten thousands digit of q(-5)?
2
Suppose -6*r - 15*r + 73227 = -10*r. What is the thousands digit of r?
6
Suppose 31*z - 129570 = 16*z. What is the thousands digit of z?
8
Let o be 8/(-10) - (-36)/45. Let j be 13/3 - (o - 2/(-6)). Suppose -2*f = -j*b + 748, 2*b + 7*f = 2*f + 350. What is the hundreds digit of b?
1
Let t(b) = -1390*b - 2714. What is the ten thousands digit of t(-13)?
1
Suppose -13215 = -14*f + 19167. What is the hundreds digit of f?
3
Let i be (-12)/9 + 3966/18. Let k = 423 - i. Suppose 27 = 3*m - k. What is the tens digit of m?
7
Let j be (1 + 27/4)*(8 - -12). Suppose 5*m + 218 = -112. What is the units digit of j/(-2)*m/55?
3
Suppose 4*w + 374 = 21*w. Suppose -34*k + w*k = -5700. What is the units digit of k?
5
Let g be (171/(-216) - 2/(-16))*-21. Let k(c) = 8*c - 45. What is the tens digit of k(g)?
6
Let f = 2585 - 2513. What is the units digit of f?
2
Let p = -283 + 134. Let z = p - -381. What is the units digit of z?
2
Suppose -x - 5*k + 42071 = 3*x, 4*x + 3*k = 42065. What is the units digit of x?
4
Suppose t - 6 = 5. Suppose -4*w - t = -0*u + 3*u, -4*w - 5 = -3*u. What is the hundreds digit of (-351 + 5)/(w - (-1 - -1))?
1
Let t(g) = g - 36. Let m be t(-20). Let b be 17/3*1 + m/84. Suppose 286 = b*d - 179. What is the tens digit of d?
9
What is the ten thousands digit of 2/3 - ((-73508)/24 + -4)*16?
4
Let j = 685 - 690. What is the tens digit of 2*j/(-10) + 4 + 1240?
4
Let j(g) = -2 + 83*g**3 - 2*g + 0 + 68*g**3 + 1. Let s be j(-1). What is the tens digit of s/(78/(-168) - (-2)/(-7))?
0
Suppose -o + 2*f + f = -3, -5*o + 15 = -5*f. Suppose -o*d + 919 = 4*w, -3*w - 264 = -2*d + 377. What is the units digit of d?
3
Let k = 983 + 3840. What is the units digit of k?
3
Suppose 4*x + 34 = 3*x. Let s be (3/(18/x))/(1/(-12)). Let o = -46 + s. What is the units digit of o?
2
Suppose -4*s = 4*u + 44, 2*u - 3*u - 33 = 3*s. Let n be s/33*3*-9. Let p(g) = g + 18. What is the units digit of p(n)?
7
Let n(w) = -25*w**2 - 3*w + 1. Let a be n(3). Let v = a + 97. Let t = 264 + v. What is the hundreds digit of t?
1
What is the units digit of 144/84 - (-141558)/14?
3
Suppose 2*b + 12 = -4*c - 0*c, -3*b + 22 = -2*c. Let o = c - -5. Suppose -498 = -4*q - l, -3*q + 371 = 2*l - o*l. What is the tens digit of q?
2
Let k = -204 - -214. What is the units digit of (-1162)/(-49) + k/35?
4
Suppose -21 + 10 = -2*l + d, 0 = -5*l - d + 38. What is the hundreds digit of 5*-1 + 625 + (12 - l)?
6
Let l(n) = -2*n**2 - 54*n + 58. Let j(f) = 7*f - 117. Let y be j(13). What is the units digit of l(y)?
0
Suppose -30 = -36*q + 42. Suppose 2460 = 3*f + 2*f + 3*n, -f + q*n + 492 = 0. What is the units digit of f?
2
Let q = -335 - -470. Suppose -284 = -137*u + q*u. What is the units digit of u?
2
Let a(o) be the second derivative of 19*o**5/20 - o**4/3 + o**3/6 - 3*o**2/2 + 2*o - 73. What is the hundreds digit of a(2)?
1
Let o(x) = -2*x**3 - 8*x**2 - 6*x + 5. Let y be o(-5). Let h = 137 - y. What is the tens digit of h?
5
Suppose 6 = -128*h + 130*h. Suppose -q - 216 = -j, -2*q + 7*q = h*j - 658. What is the units digit of j?
1
Let m(g) = 76*g - 4. Let w = 245 + -240. What is the units digit of m(w)?
6
Let s = -270 - -527. Let j = 477 - s. Let y = j - 116. What is the units digit of y?
4
Suppose 3*u = -95 + 107. Let d(v) = 2*v**3 - 7*v**2 - 9*v - 2. Let t be d(u). Let r(k) = -k**2 - 30*k + 43. What is the tens digit of r(t)?
1
Let d(b) = b**3 - 10*b**2 + 8*b - 50. Let a = -155 - -165. What is the tens digit of d(a)?
3
Let d(h) = -35*h**3 - 66*h**2 - 2*h + 82. What is the tens digit of d(-9)?
6
Suppose 4*m - 282 = -266. Suppose -2*n + m*i + 718 = 0, 718 = 3*n - n + i. What is the tens digit of n?
5
Suppose -2*y - 2*x = -32248, -40840 + 8584 = -2*y - 3*x. What is the hundreds digit of y?
1
Let r be 1*7/((-42)/66). Let d(v) = -2*v**3 - 13*v**2 + 3*v + 13. What is the hundreds digit of d(r)?
0
Let b = 2 - 0. Let v be ((-3 + 10)*(-20)/(-140))/((-2)/(-4)). Suppose -436 = -3*k + 4*r, 0*k + b*r + 294 = v*k. What is the units digit of k?
2
Let x(v) = -v - 3. Let w be x(-13). Let p be (-28)/(-10)*25/w*1. Suppose 0 = p*b - 181 - 106. What is the units digit of b?
1
Suppose 59*g - 434118 = -90325. What is the hundreds digit of g?
8
Let i be (-6 + 9)/(9/6). Suppose i*a - 190 = -0*a - 4*g, -g = 4. What is the hundreds digit of a?
1
Suppose 0 = 9*q - 10*q + 20. Suppose -1332 = -26*k + q*k. What is the hundreds digit of k?
2
Suppose 4*f + 52 = 30*f. Suppose -f*w = r - 70 + 3, r = 1. What is the tens digit of w?
3
Let r = 477 + -297. Let x = -111 + r. What is the units digit of 6/((-24)/(-20)) + -2 + x?
2
Suppose 6*f = 17*f - 30811. What is the tens digit of f?
0
Let q = 3010 - 1645. Let j = q - 662. What is the units digit of j?
3
Suppose 41164 = 4*o + 4*j, -5*o - 3*j + 23503 + 27946 = 0. What is the tens digit of o?
8
What is the ten thousands digit of ((-12)/(-9))/(13/149799) - (-44)/(-22)?
1
Let i = 44 + -41. Let p be 2/4 + i/(-2). What is the units digit of (-6)/3*((-396)/(-8))/p?
9
Suppose -3 = q, -9 = 5*d + 3*q - 0*q. Let t be -10 + 11 - (1 + d). Suppose -5*p + c + 49 = -71, 4*p + 5*c - 125 = t. What is the units digit of p?
5
Suppose 5*s - f + 49 = -12, 4*f = 4*s + 36. Let k(y) = 7*y**2 + 23*y + 119. What is the thousands digit of k(s)?
1
Suppose 2*m - 3 = -1. Let a = -9 - m. What is the tens digit of (1/a*-5)/((-1)/(-76))?
3
Let o(m) = 2*m**2 - 19*m - 1. Let j be o(9). What is the hundreds digit of (j/(-3))/(59/5841)?
3
Let r = 12484 - 5455. What is the thousands digit of r?
7
Let a(t) = 6*t**2 + 15*t - 37. Let q be 1/((-7)/84) + 1. What is the tens digit of a(q)?
2
Suppose -4*q = -2*f + 7910, 5*q = 4*f - 2100 - 13705. What is the thousands digit of f?
3
Suppose -4*c = -9*c - 40. Let g be (c/(-28))/(1/7). Suppose 2*s - 115 = 5*i - 2*i, g*s - 125 = i. What is the units digit of s?
5
Suppose 3*u + 36 = 7*u. Let p(k) = -3*k + 11. Let o be p(u). What is the units digit of (-1)/8 - 226/o?
4
Let k(r) = -13*r - 435. Let z be k(-31). Let q be ((-1)/1)/(4/(-148)). Let v = q - z. What is the units digit of v?
9
Let l = -1537 - -3737. Suppose l = 2*s - 4*v, 4*s + 0*v - 4415 = 3*v. What is the thousands digit of s?
1
Let d(f) = 98 - 171 - 24*f + 0*f**2 - f**3 + 83 + 10*f**2. What is the tens digit of d(5)?
1
Let g(a) = 2*a**3 + 3*a**2 - 2*a - 2. Let s be g(-2). Let p be 57/s*(-1)/((-12)/128). What is the tens digit of ((-5)/(-10) + -2)/(6/p)?
7
Let g = -219 - -89. Let q = g - -163. What is the units digit of q?
3
What is the thousands digit of ((-17778)/14)/(16/(-14) - -1)?
8
Let y(b) = -71*b + 5. Let r be 9/(-2) - (-3 - 3/(-2)). What is the units digit of y(r)?
8
Let v(g) = 104*g**2 - 13*g + 32 - 110*g**2 + 2*g**3 - 21. Let u(y) = 2*y**2 + 8*y - 4. Let a be u(-5). What is the hundreds digit of v(a)?
1
Suppose 203265 = 5*j - 4*d, 3*j - 240*d = -244*d + 121959. What is the ten thousands digit of j?
4
Suppose 6*c = 734 + 610. Let w = c + 672. What is the units digit of w?
6
Let s = 65 + -73. Let l(i) = -5*i**2 - 9*i - 20. Let t(b) = 6*b**2 + 10*b + 20. Let a(p) = -5*l(p) - 4*t(p). What is the units digit of a(s)?
4
Suppose 210 = 2*d + 4*o, 2*d - 7*o - 230 = -6*o. Let n = -108 + d. Suppose -2*j + 78 + 51 = -r, 2*r + 320 = n*j. What is the units digit of j?
2
Suppose 23*g - 1009 - 52627 = 0. Suppose f + 1043 = l, -2*l + g - 234 = 4*f. What is the tens digit of l?
4
What is the units digit of 28/(-216)*-16806 - 4/(-9)?
9
Suppose 0 = 5*o - 5, 5*x + o + 0*o + 9 = 0. Let s be (2*(-4 + 1))/x. Suppose r - 47 = -q + 118, -3*q = -s*r + 483. What is the hundreds digit of r?
1
Suppose 2*i = -10, 2*i + 14 = -0*x + 4*x. What is the hundreds digit of (-2 - 30)*(x - 11)?
3
Let s be (75/150)/((-1)/(-712)). Suppose -3*u - 2*d + s = u, -3*u = -d - 262. What is the tens digit of u?
8
Suppose 4*h + 2*b - 100 = 0, h + b = -3*h + 102. Let i(k) = 34*k**3 + k - 2. Let g be i(2). Suppose -3*r - h + g = 0. What is the units digit of r?
2
What is the units digit of (-44)/(-110)*(-10)/(-48) - (-155998)/24?
0
Let p = 388 - 238. Let f be (